{"id":1053,"date":"2019-07-29T02:11:12","date_gmt":"2019-07-29T00:11:12","guid":{"rendered":"http:\/\/zinkko.de\/?page_id=1053"},"modified":"2021-12-31T10:05:02","modified_gmt":"2021-12-31T09:05:02","slug":"home","status":"publish","type":"page","link":"http:\/\/zinkko.de\/","title":{"rendered":"Willkommen"},"content":{"rendered":"\t\t<div data-elementor-type=\"wp-post\" data-elementor-id=\"1053\" class=\"elementor elementor-1053\" data-elementor-settings=\"[]\">\n\t\t\t\t\t\t<div class=\"elementor-inner\">\n\t\t\t\t\t\t\t<div class=\"elementor-section-wrap\">\n\t\t\t\t\t\t\t<section class=\"elementor-section elementor-top-section elementor-element elementor-element-7343727d elementor-section-boxed elementor-section-height-default elementor-section-height-default\" data-id=\"7343727d\" data-element_type=\"section\">\n\t\t\t\t\t\t<div class=\"elementor-container elementor-column-gap-default\">\n\t\t\t\t\t\t\t<div class=\"elementor-row\">\n\t\t\t\t\t<div class=\"elementor-column elementor-col-100 elementor-top-column elementor-element elementor-element-3ee0b171\" data-id=\"3ee0b171\" data-element_type=\"column\">\n\t\t\t<div class=\"elementor-column-wrap elementor-element-populated\">\n\t\t\t\t\t\t\t<div class=\"elementor-widget-wrap\">\n\t\t\t\t\t\t<div class=\"elementor-element elementor-element-35ad34ab elementor-widget elementor-widget-text-editor\" data-id=\"35ad34ab\" data-element_type=\"widget\" data-widget_type=\"text-editor.default\">\n\t\t\t\t<div class=\"elementor-widget-container\">\n\t\t\t\t\t\t\t\t<div class=\"elementor-text-editor elementor-clearfix\">\n\t\t\t\t<p>Der am 19.07.12 gegr\u00fcndete, gemeinn\u00fctzige Verein, ZinKKo e. V. verk\u00f6rpert eine erfrischende und moderne Sichtweise auf das Thema \u00a0\u201eIntegration\u201c.<\/p>\n<p>Als Verein bem\u00fchen wir uns um die Verwirklichung unseres<span>\u00a0<\/span><a href=\"http:\/\/wp.me\/P2K2gA-3f\">Satzungszwecks<\/a>:\u00a0 Es ist uns ein Anliegen, das respektvolle und harmonische Miteinander aller in Deutschland lebenden Kulturen zu f\u00f6rdern.\u00a0 Durch gezielte Bildungsangebote m\u00f6chten wir die erzieherischen Kompetenzen der zugewanderten Eltern sowie die Chancengleichheit ihrer Kinder und Jugendlichen in allen Bereichen des Bildungsspektrums st\u00e4rken.\u00a0 Die aktiven Bestrebungen der Mehrheitsgesellschaft, das noch in zu hohem Ma\u00dfe brachliegende Potential der zweiten und dritten Zuwanderer-Generationen zu erkennen und zu nutzen, m\u00f6chten wir durch unser Beratungs- und Schulungs-, sowie Schlichtungs- und Mediationsangebot anerkennen und unterst\u00fctzen.\u00a0 Unser vorbildliches Gesundheitssystem stellt sich zunehmend auf die demographische Wandlung ein, die die Gesellschaft in den n\u00e4chsten Jahren pr\u00e4gen wird.\u00a0 Diese sich anbahnenden Prozesse m\u00f6chten wir durch ein fein-abgestimmtes Angebot im Bereich der interkulturellen Sensibilisierung beratend begleiten.<\/p>\t\t\t\t\t<\/div>\n\t\t\t\t\t\t<\/div>\n\t\t\t\t<\/div>\n\t\t\t\t\t\t<\/div>\n\t\t\t\t\t<\/div>\n\t\t<\/div>\n\t\t\t\t\t\t\t\t<\/div>\n\t\t\t\t\t<\/div>\n\t\t<\/section>\n\t\t\t\t\t\t<\/div>\n\t\t\t\t\t\t<\/div>\n\t\t\t\t\t<\/div>\n\t\t","protected":false},"excerpt":{"rendered":"<p>Der am 19.07.12 gegr\u00fcndete, gemeinn\u00fctzige Verein, ZinKKo e. V. verk\u00f6rpert eine erfrischende und moderne Sichtweise auf das Thema &nbsp;\u201eIntegration\u201c. Als Verein bem\u00fchen wir uns um die Verwirklichung unseres&nbsp;Satzungszwecks:&nbsp; Es ist uns ein Anliegen, das respektvolle und harmonische Miteinander aller in Deutschland lebenden Kulturen zu f\u00f6rdern.&nbsp; Durch gezielte Bildungsangebote m\u00f6chten wir [&hellip;]<\/p>\n","protected":false},"author":1,"featured_media":0,"parent":0,"menu_order":0,"comment_status":"closed","ping_status":"closed","template":"","meta":[],"_links":{"self":[{"href":"http:\/\/zinkko.de\/index.php?rest_route=\/wp\/v2\/pages\/1053"}],"collection":[{"href":"http:\/\/zinkko.de\/index.php?rest_route=\/wp\/v2\/pages"}],"about":[{"href":"http:\/\/zinkko.de\/index.php?rest_route=\/wp\/v2\/types\/page"}],"author":[{"embeddable":true,"href":"http:\/\/zinkko.de\/index.php?rest_route=\/wp\/v2\/users\/1"}],"replies":[{"embeddable":true,"href":"http:\/\/zinkko.de\/index.php?rest_route=%2Fwp%2Fv2%2Fcomments&post=1053"}],"version-history":[{"count":9,"href":"http:\/\/zinkko.de\/index.php?rest_route=\/wp\/v2\/pages\/1053\/revisions"}],"predecessor-version":[{"id":2098,"href":"http:\/\/zinkko.de\/index.php?rest_route=\/wp\/v2\/pages\/1053\/revisions\/2098"}],"wp:attachment":[{"href":"http:\/\/zinkko.de\/index.php?rest_route=%2Fwp%2Fv2%2Fmedia&parent=1053"}],"curies":[{"name":"wp","href":"https:\/\/api.w.org\/{rel}","templated":true}]}}