{"id":1096,"date":"2019-07-29T17:49:06","date_gmt":"2019-07-29T15:49:06","guid":{"rendered":"http:\/\/zinkko.de\/?page_id=1096"},"modified":"2024-07-31T06:25:56","modified_gmt":"2024-07-31T04:25:56","slug":"das-passiert-mit-ihrer-spende","status":"publish","type":"page","link":"http:\/\/zinkko.de\/?page_id=1096","title":{"rendered":"Spenden"},"content":{"rendered":"\t\t<div data-elementor-type=\"wp-post\" data-elementor-id=\"1096\" class=\"elementor elementor-1096\" data-elementor-settings=\"[]\">\n\t\t\t\t\t\t<div class=\"elementor-inner\">\n\t\t\t\t\t\t\t<div class=\"elementor-section-wrap\">\n\t\t\t\t\t\t\t<section class=\"elementor-section elementor-top-section elementor-element elementor-element-ad2a5ee elementor-section-boxed elementor-section-height-default elementor-section-height-default\" data-id=\"ad2a5ee\" data-element_type=\"section\">\n\t\t\t\t\t\t<div class=\"elementor-container elementor-column-gap-default\">\n\t\t\t\t\t\t\t<div class=\"elementor-row\">\n\t\t\t\t\t<div class=\"elementor-column elementor-col-100 elementor-top-column elementor-element elementor-element-660e558\" data-id=\"660e558\" data-element_type=\"column\">\n\t\t\t<div class=\"elementor-column-wrap elementor-element-populated\">\n\t\t\t\t\t\t\t<div class=\"elementor-widget-wrap\">\n\t\t\t\t\t\t<div class=\"elementor-element elementor-element-c97f7e0 elementor-invisible elementor-widget elementor-widget-text-editor\" data-id=\"c97f7e0\" data-element_type=\"widget\" data-settings=\"{&quot;_animation&quot;:&quot;fadeInLeft&quot;}\" data-widget_type=\"text-editor.default\">\n\t\t\t\t<div class=\"elementor-widget-container\">\n\t\t\t\t\t\t\t\t<div class=\"elementor-text-editor elementor-clearfix\">\n\t\t\t\t<p style=\"text-align: left;\">Der Verein ZinKKo ist ein gemeinn\u00fctziger Verein, der sich durch Mitgliederbeitr\u00e4ge und Spenden finanziert. Die Vereinsmitglieder engagieren sich ehrenamtlich und freuen sich \u00fcber jeden Beitrag, der uns dabei hilft, die Chancengleichheit und das interkulturelle Miteinander in unserer Gesellschaft zu f\u00f6rdern.<\/p><p>In den vergangenen Jahren hat der Verein dank privater Spenden, institutioneller F\u00f6rderung und staatlicher Zusch\u00fcsse u.a.<\/p><ul><li>mehrheimische und neu zugewanderte Familien in das deutsche Bildungssystem eingef\u00fchrt,<\/li><li>durch niedrigschwellige Angebote einen Rahmen f\u00fcr interkulturelle Begegnungen geschaffen,<\/li><li>(musikalischen) Instrumentalunterricht f\u00fcr sozial benachteiligte Kinder und Jugendliche finanziert<\/li><li>und gemeinsam mit unseren Kooperationspartnern regelm\u00e4\u00dfige Treffen f\u00fcr Frauen, f\u00fcr Kinder und f\u00fcr Familien organisiert.<\/li><\/ul><div><h6 style=\"text-align: center;\"><strong>\u00a0<\/strong><strong style=\"color: inherit;\">Aktuell bitten wir um Spenden f\u00fcr unsere <a href=\"http:\/\/zinkko.de\/?page_id=1206\">musikalische Bildungsarbeit.<\/a><\/strong><\/h6><\/div>\t\t\t\t\t<\/div>\n\t\t\t\t\t\t<\/div>\n\t\t\t\t<\/div>\n\t\t\t\t\t\t<\/div>\n\t\t\t\t\t<\/div>\n\t\t<\/div>\n\t\t\t\t\t\t\t\t<\/div>\n\t\t\t\t\t<\/div>\n\t\t<\/section>\n\t\t\t\t<section class=\"elementor-section elementor-top-section elementor-element elementor-element-6c308de elementor-section-boxed elementor-section-height-default elementor-section-height-default\" data-id=\"6c308de\" data-element_type=\"section\">\n\t\t\t\t\t\t<div class=\"elementor-container elementor-column-gap-default\">\n\t\t\t\t\t\t\t<div class=\"elementor-row\">\n\t\t\t\t\t<div class=\"elementor-column elementor-col-50 elementor-top-column elementor-element elementor-element-56934c7\" data-id=\"56934c7\" data-element_type=\"column\">\n\t\t\t<div class=\"elementor-column-wrap elementor-element-populated\">\n\t\t\t\t\t\t\t<div class=\"elementor-widget-wrap\">\n\t\t\t\t\t\t<div class=\"elementor-element elementor-element-84f46b6 elementor-widget elementor-widget-image\" data-id=\"84f46b6\" data-element_type=\"widget\" data-widget_type=\"image.default\">\n\t\t\t\t<div class=\"elementor-widget-container\">\n\t\t\t\t\t\t\t\t<div class=\"elementor-image\">\n\t\t\t\t\t\t\t\t\t<figure class=\"wp-caption\">\n\t\t\t\t\t\t\t\t\t\t<img width=\"300\" height=\"265\" src=\"http:\/\/zinkko.de\/wp-content\/uploads\/2019\/07\/0001-e1563478583847-300x265.jpg\" class=\"attachment-medium size-medium\" alt=\"\" loading=\"lazy\" srcset=\"http:\/\/zinkko.de\/wp-content\/uploads\/2019\/07\/0001-e1563478583847-300x265.jpg 300w, http:\/\/zinkko.de\/wp-content\/uploads\/2019\/07\/0001-e1563478583847-768x679.jpg 768w, http:\/\/zinkko.de\/wp-content\/uploads\/2019\/07\/0001-e1563478583847-1024x905.jpg 1024w, http:\/\/zinkko.de\/wp-content\/uploads\/2019\/07\/0001-e1563478583847-1320x1167.jpg 1320w\" sizes=\"(max-width: 300px) 100vw, 300px\" \/>\t\t\t\t\t\t\t\t\t\t\t<figcaption class=\"widget-image-caption wp-caption-text\"><\/figcaption>\n\t\t\t\t\t\t\t\t\t\t<\/figure>\n\t\t\t\t\t\t\t\t<\/div>\n\t\t\t\t\t\t<\/div>\n\t\t\t\t<\/div>\n\t\t\t\t\t\t<\/div>\n\t\t\t\t\t<\/div>\n\t\t<\/div>\n\t\t\t\t<div class=\"elementor-column elementor-col-50 elementor-top-column elementor-element elementor-element-93bb291\" data-id=\"93bb291\" data-element_type=\"column\">\n\t\t\t<div class=\"elementor-column-wrap elementor-element-populated\">\n\t\t\t\t\t\t\t<div class=\"elementor-widget-wrap\">\n\t\t\t\t\t\t<div class=\"elementor-element elementor-element-f8bc2e6 elementor-widget elementor-widget-text-editor\" data-id=\"f8bc2e6\" data-element_type=\"widget\" data-widget_type=\"text-editor.default\">\n\t\t\t\t<div class=\"elementor-widget-container\">\n\t\t\t\t\t\t\t\t<div class=\"elementor-text-editor elementor-clearfix\">\n\t\t\t\t<p><strong>\u00a0<\/strong><\/p><p><strong>\u00a0<\/strong><\/p><p><strong>Unser Spendenkonto:<\/strong><\/p><p>Sparkasse Stade-Altes Land<\/p><p>IBAN: DE35 2415 1005 1210 0865 40<\/p><p>BIC: NOLADE21STS<\/p>\t\t\t\t\t<\/div>\n\t\t\t\t\t\t<\/div>\n\t\t\t\t<\/div>\n\t\t\t\t\t\t<\/div>\n\t\t\t\t\t<\/div>\n\t\t<\/div>\n\t\t\t\t\t\t\t\t<\/div>\n\t\t\t\t\t<\/div>\n\t\t<\/section>\n\t\t\t\t<section class=\"elementor-section elementor-top-section elementor-element elementor-element-e8620cd elementor-section-boxed elementor-section-height-default elementor-section-height-default\" data-id=\"e8620cd\" data-element_type=\"section\">\n\t\t\t\t\t\t<div class=\"elementor-container elementor-column-gap-default\">\n\t\t\t\t\t\t\t<div class=\"elementor-row\">\n\t\t\t\t\t<div class=\"elementor-column elementor-col-100 elementor-top-column elementor-element elementor-element-a113f3b\" data-id=\"a113f3b\" data-element_type=\"column\">\n\t\t\t<div class=\"elementor-column-wrap elementor-element-populated\">\n\t\t\t\t\t\t\t<div class=\"elementor-widget-wrap\">\n\t\t\t\t\t\t<div class=\"elementor-element elementor-element-03126f6 elementor-widget elementor-widget-text-editor\" data-id=\"03126f6\" data-element_type=\"widget\" data-widget_type=\"text-editor.default\">\n\t\t\t\t<div class=\"elementor-widget-container\">\n\t\t\t\t\t\t\t\t<div class=\"elementor-text-editor elementor-clearfix\">\n\t\t\t\t<h6><strong>Auch eine Unterst\u00fctzung \u00fcber <a href=\"https:\/\/www.betterplace.org\/de\/projects\/138463?utm_campaign=user_share&amp;utm_medium=ppp_sticky&amp;utm_source=Link\">Betterplace.org<\/a> und Amazon Smile sind m\u00f6glich.<\/strong><\/h6>\t\t\t\t\t<\/div>\n\t\t\t\t\t\t<\/div>\n\t\t\t\t<\/div>\n\t\t\t\t\t\t<\/div>\n\t\t\t\t\t<\/div>\n\t\t<\/div>\n\t\t\t\t\t\t\t\t<\/div>\n\t\t\t\t\t<\/div>\n\t\t<\/section>\n\t\t\t\t<section class=\"elementor-section elementor-top-section elementor-element elementor-element-3a0d882 elementor-section-boxed elementor-section-height-default elementor-section-height-default\" data-id=\"3a0d882\" data-element_type=\"section\">\n\t\t\t\t\t\t<div class=\"elementor-container elementor-column-gap-default\">\n\t\t\t\t\t\t\t<div class=\"elementor-row\">\n\t\t\t\t\t<div class=\"elementor-column elementor-col-100 elementor-top-column elementor-element elementor-element-28ac233\" data-id=\"28ac233\" data-element_type=\"column\">\n\t\t\t<div class=\"elementor-column-wrap elementor-element-populated\">\n\t\t\t\t\t\t\t<div class=\"elementor-widget-wrap\">\n\t\t\t\t\t\t<div class=\"elementor-element elementor-element-5438d3c elementor-widget elementor-widget-text-editor\" data-id=\"5438d3c\" data-element_type=\"widget\" data-widget_type=\"text-editor.default\">\n\t\t\t\t<div class=\"elementor-widget-container\">\n\t\t\t\t\t\t\t\t<div class=\"elementor-text-editor elementor-clearfix\">\n\t\t\t\t\t\t\t\t\t<\/div>\n\t\t\t\t\t\t<\/div>\n\t\t\t\t<\/div>\n\t\t\t\t\t\t<\/div>\n\t\t\t\t\t<\/div>\n\t\t<\/div>\n\t\t\t\t\t\t\t\t<\/div>\n\t\t\t\t\t<\/div>\n\t\t<\/section>\n\t\t\t\t\t\t<\/div>\n\t\t\t\t\t\t<\/div>\n\t\t\t\t\t<\/div>\n\t\t","protected":false},"excerpt":{"rendered":"<p>Der Verein ZinKKo ist ein gemeinn\u00fctziger Verein, der sich durch Mitgliederbeitr\u00e4ge und Spenden finanziert. Die Vereinsmitglieder engagieren sich ehrenamtlich und freuen sich \u00fcber jeden Beitrag, der uns dabei hilft, die Chancengleichheit und das interkulturelle Miteinander in unserer Gesellschaft zu f\u00f6rdern. In den vergangenen Jahren hat der Verein dank privater Spenden, [&hellip;]<\/p>\n","protected":false},"author":1,"featured_media":884,"parent":1089,"menu_order":0,"comment_status":"closed","ping_status":"closed","template":"","meta":[],"_links":{"self":[{"href":"http:\/\/zinkko.de\/index.php?rest_route=\/wp\/v2\/pages\/1096"}],"collection":[{"href":"http:\/\/zinkko.de\/index.php?rest_route=\/wp\/v2\/pages"}],"about":[{"href":"http:\/\/zinkko.de\/index.php?rest_route=\/wp\/v2\/types\/page"}],"author":[{"embeddable":true,"href":"http:\/\/zinkko.de\/index.php?rest_route=\/wp\/v2\/users\/1"}],"replies":[{"embeddable":true,"href":"http:\/\/zinkko.de\/index.php?rest_route=%2Fwp%2Fv2%2Fcomments&post=1096"}],"version-history":[{"count":60,"href":"http:\/\/zinkko.de\/index.php?rest_route=\/wp\/v2\/pages\/1096\/revisions"}],"predecessor-version":[{"id":2138,"href":"http:\/\/zinkko.de\/index.php?rest_route=\/wp\/v2\/pages\/1096\/revisions\/2138"}],"up":[{"embeddable":true,"href":"http:\/\/zinkko.de\/index.php?rest_route=\/wp\/v2\/pages\/1089"}],"wp:featuredmedia":[{"embeddable":true,"href":"http:\/\/zinkko.de\/index.php?rest_route=\/wp\/v2\/media\/884"}],"wp:attachment":[{"href":"http:\/\/zinkko.de\/index.php?rest_route=%2Fwp%2Fv2%2Fmedia&parent=1096"}],"curies":[{"name":"wp","href":"https:\/\/api.w.org\/{rel}","templated":true}]}}