{"id":1206,"date":"2020-04-05T15:06:08","date_gmt":"2020-04-05T13:06:08","guid":{"rendered":"http:\/\/zinkko.de\/?page_id=1206"},"modified":"2024-07-31T06:34:50","modified_gmt":"2024-07-31T04:34:50","slug":"das-zinkko-musikprojekte","status":"publish","type":"page","link":"http:\/\/zinkko.de\/?page_id=1206","title":{"rendered":"Die ZinKKo\u00ae-Musikprojekte"},"content":{"rendered":"\t\t<div data-elementor-type=\"wp-post\" data-elementor-id=\"1206\" class=\"elementor elementor-1206\" data-elementor-settings=\"[]\">\n\t\t\t\t\t\t<div class=\"elementor-inner\">\n\t\t\t\t\t\t\t<div class=\"elementor-section-wrap\">\n\t\t\t\t\t\t\t<section class=\"elementor-section elementor-top-section elementor-element elementor-element-b9e41c1 elementor-section-boxed elementor-section-height-default elementor-section-height-default\" data-id=\"b9e41c1\" data-element_type=\"section\">\n\t\t\t\t\t\t<div class=\"elementor-container elementor-column-gap-default\">\n\t\t\t\t\t\t\t<div class=\"elementor-row\">\n\t\t\t\t\t<div class=\"elementor-column elementor-col-50 elementor-top-column elementor-element elementor-element-fdfc227\" data-id=\"fdfc227\" data-element_type=\"column\">\n\t\t\t<div class=\"elementor-column-wrap elementor-element-populated\">\n\t\t\t\t\t\t\t<div class=\"elementor-widget-wrap\">\n\t\t\t\t\t\t<div class=\"elementor-element elementor-element-f122c74 elementor-widget elementor-widget-text-editor\" data-id=\"f122c74\" data-element_type=\"widget\" data-widget_type=\"text-editor.default\">\n\t\t\t\t<div class=\"elementor-widget-container\">\n\t\t\t\t\t\t\t\t<div class=\"elementor-text-editor elementor-clearfix\">\n\t\t\t\t<p><strong>Fortsetzung der ZinKKo Musikstipendien<\/strong><\/p><p><span>Anl\u00e4sslich des zehnj\u00e4hrigen Vereinsjubil\u00e4ums haben wir 2022 zehn Kindern und Jugendlichen Instrumentalunterricht erm\u00f6glicht. Mithilfe Ihrer Spenden m\u00f6chten wir f\u00fcnf der bisherigen Stipendien fortsetzen.<\/span><\/p>\t\t\t\t\t<\/div>\n\t\t\t\t\t\t<\/div>\n\t\t\t\t<\/div>\n\t\t\t\t\t\t<\/div>\n\t\t\t\t\t<\/div>\n\t\t<\/div>\n\t\t\t\t<div class=\"elementor-column elementor-col-50 elementor-top-column elementor-element elementor-element-2640d2c\" data-id=\"2640d2c\" data-element_type=\"column\">\n\t\t\t<div class=\"elementor-column-wrap elementor-element-populated\">\n\t\t\t\t\t\t\t<div class=\"elementor-widget-wrap\">\n\t\t\t\t\t\t<div class=\"elementor-element elementor-element-c98b897 elementor-widget elementor-widget-html\" data-id=\"c98b897\" data-element_type=\"widget\" data-widget_type=\"html.default\">\n\t\t\t\t<div class=\"elementor-widget-container\">\n\t\t\t<iframe loading=\"lazy\" frameborder=\"0\" marginheight=\"0\" marginwidth=\"0\" src=\"https:\/\/www.betterplace-widget.org\/projects\/138463?l=de\" width=\"100%\" height=\"320\" style=\"border: 0; padding:0; margin:0;\">Informieren und spenden: &lt;a href=&#39;https:\/\/www.betterplace.org\/de\/projects\/138463-fortsetzung-der-zinkko-musikstipendien&#39; target=&#39;_blank&#39;&gt;\u201eFortsetzung der ZinKKo Musikstipendien \u201c&lt;\/a&gt; auf betterplace.org \u00f6ffnen.<\/iframe>\t\t<\/div>\n\t\t\t\t<\/div>\n\t\t\t\t\t\t<\/div>\n\t\t\t\t\t<\/div>\n\t\t<\/div>\n\t\t\t\t\t\t\t\t<\/div>\n\t\t\t\t\t<\/div>\n\t\t<\/section>\n\t\t\t\t<section class=\"elementor-section elementor-top-section elementor-element elementor-element-5f7c2c2 elementor-section-boxed elementor-section-height-default elementor-section-height-default\" data-id=\"5f7c2c2\" data-element_type=\"section\">\n\t\t\t\t\t\t<div class=\"elementor-container elementor-column-gap-default\">\n\t\t\t\t\t\t\t<div class=\"elementor-row\">\n\t\t\t\t\t<div class=\"elementor-column elementor-col-100 elementor-top-column elementor-element elementor-element-6fb0be7\" data-id=\"6fb0be7\" data-element_type=\"column\">\n\t\t\t<div class=\"elementor-column-wrap elementor-element-populated\">\n\t\t\t\t\t\t\t<div class=\"elementor-widget-wrap\">\n\t\t\t\t\t\t<div class=\"elementor-element elementor-element-e877fb0 elementor-widget elementor-widget-text-editor\" data-id=\"e877fb0\" data-element_type=\"widget\" data-widget_type=\"text-editor.default\">\n\t\t\t\t<div class=\"elementor-widget-container\">\n\t\t\t\t\t\t\t\t<div class=\"elementor-text-editor elementor-clearfix\">\n\t\t\t\t\t\t\t\t\t<\/div>\n\t\t\t\t\t\t<\/div>\n\t\t\t\t<\/div>\n\t\t\t\t\t\t<\/div>\n\t\t\t\t\t<\/div>\n\t\t<\/div>\n\t\t\t\t\t\t\t\t<\/div>\n\t\t\t\t\t<\/div>\n\t\t<\/section>\n\t\t\t\t<section class=\"elementor-section elementor-top-section elementor-element elementor-element-5d62448 elementor-section-boxed elementor-section-height-default elementor-section-height-default\" data-id=\"5d62448\" data-element_type=\"section\">\n\t\t\t\t\t\t<div class=\"elementor-container elementor-column-gap-default\">\n\t\t\t\t\t\t\t<div class=\"elementor-row\">\n\t\t\t\t\t<div class=\"elementor-column elementor-col-50 elementor-top-column elementor-element elementor-element-ac387db\" data-id=\"ac387db\" data-element_type=\"column\">\n\t\t\t<div class=\"elementor-column-wrap elementor-element-populated\">\n\t\t\t\t\t\t\t<div class=\"elementor-widget-wrap\">\n\t\t\t\t\t\t<div class=\"elementor-element elementor-element-b091083 elementor-widget elementor-widget-text-editor\" data-id=\"b091083\" data-element_type=\"widget\" data-widget_type=\"text-editor.default\">\n\t\t\t\t<div class=\"elementor-widget-container\">\n\t\t\t\t\t\t\t\t<div class=\"elementor-text-editor elementor-clearfix\">\n\t\t\t\t<p><strong>Vergabe von 10 Stipendien im Jubil\u00e4umsjahr 2022\u00a0<\/strong><\/p><p><span>Zur Feier seines zehnj\u00e4hrigen Jubil\u00e4ums m\u00f6chte der Verein zehn Stipendien an Kinder \/ Jugendliche verleihen, die eine ein- bis zweij\u00e4hrige musikalische F\u00f6rderung in Form von Instrumental- oder Gesangsunterricht bekommen sollen.<\/span><\/p><p><\/p>\t\t\t\t\t<\/div>\n\t\t\t\t\t\t<\/div>\n\t\t\t\t<\/div>\n\t\t\t\t\t\t<\/div>\n\t\t\t\t\t<\/div>\n\t\t<\/div>\n\t\t\t\t<div class=\"elementor-column elementor-col-50 elementor-top-column elementor-element elementor-element-803c46e\" data-id=\"803c46e\" data-element_type=\"column\">\n\t\t\t<div class=\"elementor-column-wrap elementor-element-populated\">\n\t\t\t\t\t\t\t<div class=\"elementor-widget-wrap\">\n\t\t\t\t\t\t<div class=\"elementor-element elementor-element-a610354 elementor-widget elementor-widget-html\" data-id=\"a610354\" data-element_type=\"widget\" data-widget_type=\"html.default\">\n\t\t\t\t<div class=\"elementor-widget-container\">\n\t\t\t<iframe loading=\"lazy\" frameborder=\"0\" marginheight=\"0\" marginwidth=\"0\" src=\"https:\/\/www.betterplace-widget.org\/projects\/112825?l=de\" width=\"100%\" height=\"320\" style=\"border: 0; padding:0; margin:0;\">Informieren und spenden: &lt;a href=&#39;https:\/\/www.betterplace.org\/de\/projects\/112825-10-musikstipendien-fuer-einheimische-und-mehrheimische-kinder-jugendliche&#39; target=&#39;_blank&#39;&gt;\u201e10 Musikstipendien f\u00fcr  einheimische und mehrheimische Kinder \/ Jugendliche\u201c&lt;\/a&gt; auf betterplace.org \u00f6ffnen.<\/iframe>\t\t<\/div>\n\t\t\t\t<\/div>\n\t\t\t\t\t\t<\/div>\n\t\t\t\t\t<\/div>\n\t\t<\/div>\n\t\t\t\t\t\t\t\t<\/div>\n\t\t\t\t\t<\/div>\n\t\t<\/section>\n\t\t\t\t<section class=\"elementor-section elementor-top-section elementor-element elementor-element-dfc3211 elementor-section-boxed elementor-section-height-default elementor-section-height-default\" data-id=\"dfc3211\" data-element_type=\"section\">\n\t\t\t\t\t\t<div class=\"elementor-container elementor-column-gap-default\">\n\t\t\t\t\t\t\t<div class=\"elementor-row\">\n\t\t\t\t\t<div class=\"elementor-column elementor-col-100 elementor-top-column elementor-element elementor-element-255c842\" data-id=\"255c842\" data-element_type=\"column\">\n\t\t\t<div class=\"elementor-column-wrap elementor-element-populated\">\n\t\t\t\t\t\t\t<div class=\"elementor-widget-wrap\">\n\t\t\t\t\t\t<div class=\"elementor-element elementor-element-182e15a elementor-widget elementor-widget-text-editor\" data-id=\"182e15a\" data-element_type=\"widget\" data-widget_type=\"text-editor.default\">\n\t\t\t\t<div class=\"elementor-widget-container\">\n\t\t\t\t\t\t\t\t<div class=\"elementor-text-editor elementor-clearfix\">\n\t\t\t\t<p>___________________________________________________________________________________________<\/p>\t\t\t\t\t<\/div>\n\t\t\t\t\t\t<\/div>\n\t\t\t\t<\/div>\n\t\t\t\t\t\t<\/div>\n\t\t\t\t\t<\/div>\n\t\t<\/div>\n\t\t\t\t\t\t\t\t<\/div>\n\t\t\t\t\t<\/div>\n\t\t<\/section>\n\t\t\t\t<section class=\"elementor-section elementor-top-section elementor-element elementor-element-77ce89d1 elementor-section-boxed elementor-section-height-default elementor-section-height-default\" data-id=\"77ce89d1\" data-element_type=\"section\">\n\t\t\t\t\t\t<div class=\"elementor-container elementor-column-gap-default\">\n\t\t\t\t\t\t\t<div class=\"elementor-row\">\n\t\t\t\t\t<div class=\"elementor-column elementor-col-100 elementor-top-column elementor-element elementor-element-25392515\" data-id=\"25392515\" data-element_type=\"column\">\n\t\t\t<div class=\"elementor-column-wrap elementor-element-populated\">\n\t\t\t\t\t\t\t<div class=\"elementor-widget-wrap\">\n\t\t\t\t\t\t<div class=\"elementor-element elementor-element-7a82a2a2 elementor-widget elementor-widget-text-editor\" data-id=\"7a82a2a2\" data-element_type=\"widget\" data-widget_type=\"text-editor.default\">\n\t\t\t\t<div class=\"elementor-widget-container\">\n\t\t\t\t\t\t\t\t<div class=\"elementor-text-editor elementor-clearfix\">\n\t\t\t\t<p>Au\u00dferschulische Bildungsangebote und insbesondere die musikalische Bildung bieten enorme Potenziale, was eine unkomplizierte und reibungslose gesellschaftliche Integration betrifft. Durch das lokale Pilotprojekt wollte der Verein einen konkreten Beitrag zur besseren Integration gefl\u00fcchteter Kinder und ihrer Familien leisten. Projektberaterin Iyamide Mahdi (<a href=\"http:\/\/Vielfaltplus.de\" target=\"_blank\" rel=\"noopener\"><span style=\"color: #99cc00;\"><span><span style=\"color: #25750a;\">VielfaltPlus<\/span><\/span><\/span><\/a>) entwickelte und leitete f\u00fcr den Verein ein Pilotprojekt, das neu zugewanderte Familien in die M\u00f6glichkeiten des Instrumentalunterrichts einf\u00fchren sollte. Daraus entwickelten sich die ZinKKo\u00ae-Musikprojekte.<\/p>\n<p>Nach dem erfolgreichen Verlauf des Pilotprojekts wurde das Projekt ein zweites Mal durchgef\u00fchrt. Im Schuljahr 2019\/2020 nahmen f\u00fcnf Kinder und Jugendliche im Rahmen der beiden ZinKKo\u00ae-Musikprojekte am gef\u00f6rderten Instrumentalunterricht teil.<\/p>\n<h6>Projektdiee<\/h6>\n<ol>\n<li>Vordergr\u00fcndiges Ziel der Projekte ist es, neu zugewanderten Kindern die M\u00f6glichkeit zu er\u00f6ffnen, erste musikalische Erfahrungen zu sammeln, die bei erwiesener Eignung anschlie\u00dfend im Rahmen eines einj\u00e4hrigen Musikstipendiums vertieft werden k\u00f6nnen.<\/li>\n<li>Ihre Eltern werden ebenfalls in den Blick genommen und eng begleitet. Sie erfahren, wie au\u00dferschulische Bildungsangebote f\u00fcr Kinder in Deutschland funktionieren und welchen Part sie dabei \u00fcbernehmen.<\/li>\n<li>Junge, geeignete Musiksch\u00fcler*innen bekommen w\u00e4hrend der Schnupperphase als Lehrende die M\u00f6glichkeit, erste musikp\u00e4dagogische Erfahrungen zu sammeln. Sie leisten einen Beitrag zur gesellschaftlichen Integration ihrer\/s jeweiligen Sch\u00fclerin\/Sch\u00fclers in die deutsche Gesellschaft, sind nicht nur Dozenten, sondern auch Vorbild und Mentor.<\/li>\n<li>Das Konzept sieht vor, dass die interkulturellen Kompetenzen der jungen Leute w\u00e4hrend des Projekts bewusst geschult und gest\u00e4rkt werden. Sie werden durchg\u00e4ngig professionell begleitet.<\/li>\n<li>Bewusst gestaltete Auftritte und kleine Konzerte bieten einen besonderen Rahmen f\u00fcr interkulturelle Begegnungen zwischen den Familien und der allgemeinen \u00d6ffentlichkeit.<\/li>\n<\/ol>\n<h6><strong>Das \u201eZinKKo\u00ae-Musikprojekt\u201c<\/strong>&nbsp; &#8211; <strong>Die Pilotphase<\/strong><\/h6>\n<p style=\"text-align: left;\">Im Rahmen des erfolgreich durchgef\u00fchrten Pilotprojekts wurden im Schuljahr 2017\/2018 insgesamt neun Kinder an Instrumentalunterricht am Klavier, auf der Geige und auf der Gitarre herangef\u00fchrt. Den Unterricht erteilten drei angehende Musikstudenten ehrenamtlich. Alle angemeldeten Kinder wohnten in einer st\u00e4dtischen Unterkunft im Stader Stadtteil Ottenbeck. Uli Tietzel und Jutta Kramer, Inhaber der<span style=\"color: #25750a;\"><a href=\"http:\/\/musik-akademie-stade.de\/\" target=\"_blank\" rel=\"noopener\" style=\"color: #25750a;\"> Musikakademie Stade<\/a><\/span> unterst\u00fctzten den Verein, indem sie zwei Musikr\u00e4ume stundenweise zur Verf\u00fcgung stellten und eine musikp\u00e4dagogische Unterst\u00fctzung der jungen Dozentinnen und Dozenten baten. Der Kontakt zu der Zielgruppe (sechs aus Afghanistan stammende Familien) wurde mit Hilfe der ZinKKo\u00ae-Bildungsexpertin f\u00fcr Persisch (siehe \u201e<span style=\"color: #25750a;\"><a href=\"http:\/\/zinkko.de\/?page_id=1202\" style=\"color: #25750a;\">Das ZinKKo\u00ae-Bildungsprojekt<\/a><\/span>\u201c) gepflegt. F\u00fcr die Eltern wurden Informationsveranstaltungen u.a. zum Thema \u201eFreizeitangebote \u2013 Sport, Musik, Kultur\u201c in ihrer Muttersprache (Persisch) durchgef\u00fchrt.<strong>&nbsp;<\/strong>Sie wurden in ihrer Rolle als Eltern (Anmeldung, Beantragung von Leistungen auf Bildung und Teilhabe, etc.) begleitet und unterst\u00fctzt. Am Ende der \u201eSchnupperkurs-Phase\u201c finanzierte die <span style=\"color: #000000;\">Stiftung der Sparkasse Stade-Altes Land <\/span>Musikstipendien f\u00fcr f\u00fcnf Teilnehmerinnen und Teilnehmer, die w\u00e4hrend der Schnupperkursphase eine besondere Eignung gezeigt hatten. (<span style=\"color: #00ff00;\"><span style=\"color: #25750a;\"><a href=\"http:\/\/zinkko.de\/?page_id=1104\" target=\"_blank\" rel=\"noopener\" style=\"color: #25750a;\">Die Presse berichtete<\/a><\/span>.<\/span>) Achtzehn Monate lang erhielten die drei M\u00e4dchen und zwei Jungen professionellen Unterricht an ihrem gew\u00fcnschten Instrument. Eine Beratung und Begleitung der Familien fand durchg\u00e4ngig statt, bei Bedarf muttersprachlich mit Hilfe der ZinKKo\u00ae-Bildungsexpertin.<\/p>\n<p>Eine Familie entschied sich nach Ende der F\u00f6rderung, ihrem Sohn weiterhin das Gitarrenspiel zu erm\u00f6glichen. Der junge Gitarrensch\u00fcler ist mittlerweile festes Mitglied einer Dreiergruppe an der <span style=\"color: #25750a;\"><a href=\"https:\/\/kjm-stade.de\/\" target=\"_blank\" rel=\"noopener\" style=\"color: #25750a;\">Kreisjugendmusikschule Stade<\/a><\/span>, sehr zur Freude seiner Eltern, die mittlerweile den Unterricht mithilfe einer minimalen finanziellen Unterst\u00fctzung durch den Verein ZinKKo selber finanzieren. Die erste Schnupperstunde mit dem damals angehenden Musikstudenten Jonas Wei\u00dfenborn liegt inzwischen ein paar Jahre zur\u00fcck.<\/p>\t\t\t\t\t<\/div>\n\t\t\t\t\t\t<\/div>\n\t\t\t\t<\/div>\n\t\t\t\t\t\t<\/div>\n\t\t\t\t\t<\/div>\n\t\t<\/div>\n\t\t\t\t\t\t\t\t<\/div>\n\t\t\t\t\t<\/div>\n\t\t<\/section>\n\t\t\t\t<section class=\"elementor-section elementor-top-section elementor-element elementor-element-f4ac8ea elementor-section-boxed elementor-section-height-default elementor-section-height-default\" data-id=\"f4ac8ea\" data-element_type=\"section\">\n\t\t\t\t\t\t<div class=\"elementor-container elementor-column-gap-default\">\n\t\t\t\t\t\t\t<div class=\"elementor-row\">\n\t\t\t\t\t<div class=\"elementor-column elementor-col-100 elementor-top-column elementor-element elementor-element-00087f1\" data-id=\"00087f1\" data-element_type=\"column\">\n\t\t\t<div class=\"elementor-column-wrap elementor-element-populated\">\n\t\t\t\t\t\t\t<div class=\"elementor-widget-wrap\">\n\t\t\t\t\t\t<div class=\"elementor-element elementor-element-a9f484a elementor-widget elementor-widget-spacer\" data-id=\"a9f484a\" data-element_type=\"widget\" data-widget_type=\"spacer.default\">\n\t\t\t\t<div class=\"elementor-widget-container\">\n\t\t\t\t\t<div class=\"elementor-spacer\">\n\t\t\t<div class=\"elementor-spacer-inner\"><\/div>\n\t\t<\/div>\n\t\t\t\t<\/div>\n\t\t\t\t<\/div>\n\t\t\t\t<div class=\"elementor-element elementor-element-a394f8a elementor-widget elementor-widget-text-editor\" data-id=\"a394f8a\" data-element_type=\"widget\" data-widget_type=\"text-editor.default\">\n\t\t\t\t<div class=\"elementor-widget-container\">\n\t\t\t\t\t\t\t\t<div class=\"elementor-text-editor elementor-clearfix\">\n\t\t\t\t<h6><strong>Die ZinKKo\u00ae-Musikschnupperkurse 2019 <\/strong><\/h6><p>Nach dem Erfolg des Pilotprojekts wurde in einem zweiten Schritt mit dem <strong>\u201eZinKKo\u00ae-Musikschnupperkurs 2019\u201c<\/strong> in Kooperation mit der Kreisjugendmusikschule Stade ein weiteres musikalisches Angebot geschaffen, um Kinder aus der Zielgruppe der neu Zugewanderten musikalisch zu f\u00f6rdern. W\u00e4hrend der viermonatigen Schnupperkurse erhielten sieben Kinder und Jugendliche Unterricht am Klavier, an der Geige, an der Gitarre, sowie an der Trompete. Am Ende der Schnupperphase wurden vier Stipendien verliehen. Wir danken allen F\u00f6rderern, sowie unserem Kooperationspartner, der Kreisjugendmusikschule Stade vertreten durch Musikp\u00e4dagogin Ulrike Schulz.<\/p><p><\/p>\t\t\t\t\t<\/div>\n\t\t\t\t\t\t<\/div>\n\t\t\t\t<\/div>\n\t\t\t\t<div class=\"elementor-element elementor-element-482a3e4 elementor-widget elementor-widget-spacer\" data-id=\"482a3e4\" data-element_type=\"widget\" data-widget_type=\"spacer.default\">\n\t\t\t\t<div class=\"elementor-widget-container\">\n\t\t\t\t\t<div class=\"elementor-spacer\">\n\t\t\t<div class=\"elementor-spacer-inner\"><\/div>\n\t\t<\/div>\n\t\t\t\t<\/div>\n\t\t\t\t<\/div>\n\t\t\t\t\t\t<\/div>\n\t\t\t\t\t<\/div>\n\t\t<\/div>\n\t\t\t\t\t\t\t\t<\/div>\n\t\t\t\t\t<\/div>\n\t\t<\/section>\n\t\t\t\t\t\t<\/div>\n\t\t\t\t\t\t<\/div>\n\t\t\t\t\t<\/div>\n\t\t","protected":false},"excerpt":{"rendered":"<p>Fortsetzung der ZinKKo Musikstipendien Anl\u00e4sslich des zehnj\u00e4hrigen Vereinsjubil\u00e4ums haben wir 2022 zehn Kindern und Jugendlichen Instrumentalunterricht erm\u00f6glicht. Mithilfe Ihrer Spenden m\u00f6chten wir f\u00fcnf der bisherigen Stipendien fortsetzen. Informieren und spenden: &lt;a href=&#39;https:\/\/www.betterplace.org\/de\/projects\/138463-fortsetzung-der-zinkko-musikstipendien&#39; target=&#39;_blank&#39;&gt;\u201eFortsetzung der ZinKKo Musikstipendien \u201c&lt;\/a&gt; auf betterplace.org \u00f6ffnen. Vergabe von 10 Stipendien im Jubil\u00e4umsjahr 2022\u00a0 Zur Feier seines [&hellip;]<\/p>\n","protected":false},"author":1,"featured_media":1396,"parent":0,"menu_order":0,"comment_status":"closed","ping_status":"closed","template":"","meta":[],"_links":{"self":[{"href":"http:\/\/zinkko.de\/index.php?rest_route=\/wp\/v2\/pages\/1206"}],"collection":[{"href":"http:\/\/zinkko.de\/index.php?rest_route=\/wp\/v2\/pages"}],"about":[{"href":"http:\/\/zinkko.de\/index.php?rest_route=\/wp\/v2\/types\/page"}],"author":[{"embeddable":true,"href":"http:\/\/zinkko.de\/index.php?rest_route=\/wp\/v2\/users\/1"}],"replies":[{"embeddable":true,"href":"http:\/\/zinkko.de\/index.php?rest_route=%2Fwp%2Fv2%2Fcomments&post=1206"}],"version-history":[{"count":56,"href":"http:\/\/zinkko.de\/index.php?rest_route=\/wp\/v2\/pages\/1206\/revisions"}],"predecessor-version":[{"id":2144,"href":"http:\/\/zinkko.de\/index.php?rest_route=\/wp\/v2\/pages\/1206\/revisions\/2144"}],"wp:featuredmedia":[{"embeddable":true,"href":"http:\/\/zinkko.de\/index.php?rest_route=\/wp\/v2\/media\/1396"}],"wp:attachment":[{"href":"http:\/\/zinkko.de\/index.php?rest_route=%2Fwp%2Fv2%2Fmedia&parent=1206"}],"curies":[{"name":"wp","href":"https:\/\/api.w.org\/{rel}","templated":true}]}}